st common factor of z and 581?
7
Let w = 227 + 59. Suppose -101*r + 99*r = -w. What is the highest common divisor of r and 11?
11
Let y(h) = -10*h**3 - h - 1. Suppose x = -16 - 12. Let n = 27 + x. Let q be y(n). Calculate the greatest common divisor of q and 2.
2
Let q = -28482 + 97182. Calculate the greatest common factor of 300 and q.
300
Let f be 39 + -2 - (294/21 + -19). What is the greatest common divisor of 15 and f?
3
Let i = 3528 - 3450. Calculate the greatest common factor of 138 and i.
6
Let q be (5/15)/(3200/(-1068) - -3). Let a = 354 - q. Calculate the highest common divisor of a and 53.
53
Let c(o) = 34*o + 39. Let b(t) = -11*t + 87. Let s be b(8). Let k be c(s). Calculate the highest common divisor of k and 605.
5
Suppose 63 = 18*b - 45. Let m be 5*(-3)/b*-6. Calculate the greatest common divisor of m and 105.
15
Suppose -5*r - 1188 = -41*r. Let z = -15 + 18. Suppose 2*j - 4*j - 1444 = -4*m, z*j = m - 351. What is the greatest common divisor of m and r?
33
Let g = 2940 + -1554. Suppose 2*q + g = 16*q. Calculate the greatest common divisor of q and 66.
33
Suppose -l + 2025 = -3722. Calculate the highest common divisor of 7 and l.
7
Let t(h) = 2*h**2 + 12*h - 6. Let c be t(-7). Let l = c + 118. What is the greatest common divisor of l and 28?
14
Suppose -486 = -88*u + 61*u. Calculate the greatest common divisor of u and 8388.
18
Let p(a) = 1351*a**2 - 908*a - 2732. Let b be p(-3). Calculate the highest common divisor of b and 58.
29
Suppose 11*k - 8*k - 33 = 0. Suppose 4*l - 318 = 166. What is the greatest common divisor of k and l?
11
Let l be -2*((-111)/6 + -1). Suppose -5*b - 66*t + 445 = -71*t, -t + 275 = 3*b. What is the highest common factor of b and l?
13
Let a = -15 - -17. Suppose 12 = -a*m + 12. Suppose -10*f + 9*f + 3 = m. Calculate the greatest common divisor of 3 and f.
3
Suppose 3*n = -o + 82, 2*n = 6*n + 20. Let g = o - 95. Calculate the highest common factor of 13 and g.
1
Let d = -31 + 109. Suppose -b - g + 19 + 5 = 0, -3*b + d = g. Let r(a) = -82*a - 1. Let l be r(-1). Calculate the highest common factor of b and l.
27
Let m be -2 + -1 - 3*-3. Suppose 3*s - 134 = -4*n, -4*s + 94 = 2*n - 7*s. What is the highest common divisor of n and m?
2
Let p(z) = -128*z + 1206. Let a be p(8). Calculate the greatest common factor of 154 and a.
14
Suppose 0 = 4*u + y - 12, 2*u + 2*y + 8 = 14. Let v be (-1*u)/(8 - 13932/1740). What is the greatest common factor of v and 87?
87
Suppose -2*d - 604 = -4*i, -2*i + 296 = -2*d + 4*d. Let b be 5*(i/(-125) + (-3)/(-1)). Calculate the greatest common factor of b and 117.
9
Suppose -17*m + 1745 = -40. What is the highest common divisor of 285 and m?
15
Let r be (-3 + 0)/((-42)/70). Calculate the greatest common divisor of 685 and r.
5
Suppose -5*s + 358 = -2*a, -2*s + 5*a + 283 = 2*s. Suppose 8*y - s = 72. Suppose y = 27*m - 24*m. Calculate the greatest common factor of 6 and m.
6
Suppose 0 = -2*j + 6, 2*t + 4*j = j + 85. Let d be (-16)/5 + 9/45 + t. What is the greatest common factor of 595 and d?
35
Let a be ((-16)/10)/((-576)/(-290) - 2). Suppose -3*d - a = -131. Suppose d*v + 0*i = -i + 81, -14 = -v + 2*i. Calculate the highest common factor of 1 and v.
1
Let f = 26187 - 18285. Calculate the greatest common factor of 90 and f.
18
Let d = 587 + -360. Suppose -d = -4*l + 589. Calculate the highest common factor of l and 68.
68
Let r = 160 - 88. Let l = 848 + -752. What is the highest common factor of r and l?
24
Suppose -6*n + 45 = 9*n. Suppose -4*m + 17 = n*t - 12, -4*m = 16. Calculate the greatest common factor of t and 135.
15
Let h be 51920/354 - 9/(-12)*8/(-9). Calculate the highest common factor of 1387 and h.
73
Let t(f) = -f**2 + 6*f + 15. Let a be t(6). Let q = a + 7. Suppose 58 = 2*j + q. Calculate the greatest common divisor of 2 and j.
2
Let a be 3/9*3*8. Suppose -4 - 12 = -a*z. Suppose -11*b + 15*b - 12 = 0. What is the highest common factor of z and b?
1
Suppose 7350 = -14*r + 35*r. Let h = r + -339. What is the highest common factor of h and 407?
11
Let q(c) = 2*c**2 - 5*c - 9. Let w be q(-2). Suppose 0 = 3*l + 2*l - 45. Suppose 4*v = v + l. What is the greatest common factor of v and w?
3
Suppose -383*v - 56 = -391*v. Calculate the highest common divisor of v and 2051.
7
Let k(f) = -20*f**3 - f**2 - 2*f - 1. Let y be k(-1). Suppose q + y = 3*q. Let a = 2862 + -2837. Calculate the highest common factor of a and q.
5
Let i = -424 + 526. Suppose -2*l + 485 = 5*g, -377 - 113 = -2*l - 4*g. What is the highest common factor of l and i?
51
Suppose -4*q = 4*a - 68, 0 = q - 2*q - 4. Let v(c) be the first derivative of c**2 - 23*c - 41. Let f be v(a). What is the greatest common divisor of 57 and f?
19
Suppose 2*x + m - 103 = 0, -x + 2*m + 47 = m. Suppose -52*s + x*s = -24. Suppose -2*w - 8 = -4*w. What is the highest common divisor of s and w?
4
Suppose 20 = 4*a, 7*a - 3*a + 133 = -3*d. Let b = 265 - 271. Let u = b - d. What is the greatest common factor of u and 15?
15
Let h = -516 + 721. Calculate the greatest common factor of h and 123.
41
Let d = 63 - 3. Suppose -d - 12 = -4*q. Let k(t) = -52*t + 2. Let m be k(-1). What is the highest common factor of m and q?
18
Let j(c) = 20*c**2 + 3*c + 5. Let l be j(6). Let o = l + -599. What is the greatest common factor of 18 and o?
18
Suppose 33*w + 3180 = 63*w. What is the greatest common divisor of w and 2809?
53
Let p(d) = 4*d**2 - 77*d - 51. Suppose -3*k = -t - 62, -3*k = -5*t + 8 - 66. Let u be p(k). Calculate the greatest common factor of u and 6.
6
Let p be (-2348)/(-14) - (-2)/7. Suppose -444*n = -144*n - 128*n - 7224. What is the highest common factor of p and n?
42
Suppose 0 = 512*q - 512*q - 4*b - 60, -2*b = -4*q + 178. Suppose -d - 6 = -43. What is the highest common divisor of d and q?
37
Let l(w) = 76*w - 861. Let n be l(15). What is the greatest common factor of n and 124?
31
Let v = -23718 - -35886. What is the highest common factor of v and 18?
18
Let q be (-35)/(-3*(-5)/15). Let v = q + 25. Let a = 18 + v. What is the highest common factor of a and 2?
2
Suppose 2*i - 988 = j, -4*j - 23 + 39 = 0. Calculate the highest common divisor of 4 and i.
4
Suppose 4*m - 3*q = 32, 2*q + 2*q = 6*m - 50. What is the greatest common divisor of m and 29227?
11
Suppose 4*y - 4*k - 240 = 0, -2*y + 60 = -y - 5*k. Suppose -79 = -5*w + 121. Calculate the greatest common divisor of y and w.
20
Let x(v) = 16*v + 16. Let k be x(4). Suppose 4*d + k = 9*d. Let t be 10*(-12)/d*-2. What is the greatest common divisor of 9 and t?
3
Let q(i) = -4*i - 7. Let z be q(10). Let y = z - -50. Let a be (-22)/y*(-99)/22. What is the greatest common factor of a and 22?
11
Suppose -5*j - 4*h + 172332 = 43027, -4*j = -2*h - 103444. What is the highest common divisor of j and 11?
11
Let n be ((-1)/(-1))/(264/(-55) + 5). Let c(j) = 10 - 1 - 3*j - 3*j - 25. Let a be c(-11). What is the highest common divisor of a and n?
5
Let m = -90 - -99. Let b(s) = s**3 - 9*s**2 + 11*s + 6. Let t be b(m). What is the highest common divisor of 70 and t?
35
Let z(i) = i**2 - 52*i + 120. Let n be z(43). Let x = -246 - n. Calculate the greatest common divisor of 14 and x.
7
Suppose -2*v = -4*m + 32898, -5*m + 53*v - 52*v = -41133. Calculate the highest common factor of m and 132.
44
Let o be 40/(-180) + 3022*(-1)/9. Let a be ((-6)/4)/(7/(o/8)). What is the greatest common divisor of 153 and a?
9
Let m = -1391 - -2345. Let r be (-3)/(99/(-600)) - (-16)/(-88). What is the highest common divisor of r and m?
18
Let r(g) = g. Let p(q) = -4*q + 16. Let o = -37 + 38. Let d(h) = o*p(h) + 5*r(h). Let i be d(-10). What is the highest common divisor of 4 and i?
2
Let d = -16 - -6. Let s be d/(-25) - (-1 - 23/5). Suppose 4*r + p = 196, -56 = -7*r + s*r - 2*p. Calculate the greatest common factor of r and 24.
24
Let r = -56 - -155. Let u(n) = 2*n**2 + 53*n + 43. Let c be u(-28). Let f = -118 + c. What is the greatest common factor of f and r?
9
Suppose -9*a = -0*a + 36. Let q = a - -8. Suppose -20 = -2*h + 3*u, -2*u + 11 = h - q*u. What is the greatest common factor of 1 and h?
1
Let y be ((-8)/32)/((-2)/40). Suppose -3*c - 32 = -y*c. Calculate the greatest common divisor of 64 and c.
16
Suppose 4*a - 20 = -a. Let d(p) = -2*p - a*p + p + 148 - 175. Let y be d(-9). Calculate the highest com